te number?
True
Is 64151 prime?
True
Is 361939 composite?
True
Is 4751 composite?
False
Is 20173 prime?
True
Is 511931 a composite number?
True
Is 16649 a composite number?
False
Is 40913 a composite number?
True
Is 3943 a composite number?
False
Is 28123 prime?
True
Is 3019 a composite number?
False
Is 85991 a prime number?
True
Is 1133009 composite?
False
Is 4126 a composite number?
True
Is 45143 a composite number?
True
Is 19997 a composite number?
False
Is 11641 a composite number?
True
Is 5182 prime?
False
Is 2815247 composite?
False
Is 33023 a composite number?
False
Is 50671 prime?
True
Is 731761 a prime number?
True
Is 73181 prime?
True
Is 288901 composite?
True
Is 35138 composite?
True
Is 5053 a composite number?
True
Is 29157 a composite number?
True
Is 521 a prime number?
True
Is 1465459 prime?
False
Is 17741 composite?
True
Is 497687 a composite number?
True
Is 53299 a prime number?
True
Is 16217 prime?
True
Is 4095391 a prime number?
True
Is 30491 a composite number?
False
Is 4004039 prime?
False
Is 145 a prime number?
False
Is 1780787 composite?
False
Is 3959 a prime number?
False
Is 1481 prime?
True
Is 62029 prime?
False
Is 63577 a prime number?
True
Is 10663 a composite number?
False
Is 10297 prime?
False
Is 1777 composite?
False
Is 3205 a prime number?
False
Is 852749 prime?
True
Is 57091 a prime number?
False
Is 61069 composite?
True
Is 48901 a prime number?
False
Is 542413 composite?
True
Is 4441 prime?
True
Is 1424317 a prime number?
True
Is 792541 a prime number?
False
Is 610957 a prime number?
True
Is 43247 a prime number?
False
Is 2274521 prime?
True
Is 26479 a prime number?
True
Is 17681 prime?
True
Is 2515 a prime number?
False
Is 608027 a composite number?
True
Is 464833 a composite number?
True
Is 53479 a composite number?
False
Is 145 a prime number?
False
Is 635507 a prime number?
True
Is 94303 a composite number?
True
Is 3065 composite?
True
Is 11507 a prime number?
False
Is 2957 a composite number?
False
Is 59861 composite?
True
Is 38463 composite?
True
Is 785093 prime?
True
Is 2721 prime?
False
Is 206177 a prime number?
True
Is 2931 a composite number?
True
Is 30781 prime?
True
Is 6849581 prime?
True
Is 149933 composite?
True
Is 1735 a prime number?
False
Is 51279 a prime number?
False
Is 5701 prime?
True
Is 2453 composite?
True
Is 343835 a prime number?
False
Is 19559 a composite number?
False
Is 3989 composite?
False
Is 2939 composite?
False
Is 123269 a composite number?
False
Is 16087 a prime number?
True
Is 3089 prime?
True
Is 18809 composite?
True
Is 593545 composite?
True
Is 9767 a prime number?
True
Is 490367 a composite number?
False
Is 46087 prime?
False
Is 4711 composite?
True
Is 278591 prime?
True
Is 1009 a composite number?
False
Is 115361 a prime number?
True
Is 3805 a composite number?
True
Is 290161 prime?
True
Is 61273 composite?
True
Is 196211 a prime number?
False
Is 71381 a composite number?
True
Is 47501 a composite number?
False
Is 343789 a prime number?
False
Is 716321 prime?
True
Is 337 a prime number?
True
Is 4903 prime?
True
Is 69811 a composite number?
True
Is 106423 prime?
False
Is 693061 a prime number?
True
Is 604997 composite?
False
Is 22405 a prime number?
False
Is 43649 a composite number?
False
Is 418315 composite?
True
Is 11391 prime?
False
Is 7811 a composite number?
True
Is 129977 prime?
False
Is 4271 a composite number?
False
Is 11335 prime?
False
Is 87931 prime?
True
Is 35863 composite?
False
Is 114109 a composite number?
True
Is 48467 a composite number?
True
Is 334541 composite?
False
Is 138709 a prime number?
False
Is 221 a composite number?
True
Is 56629 composite?
False
Is 1611323 a prime number?
False
Is 3143 a composite number?
True
Is 387719 prime?
False
Is 24571 a prime number?
True
Is 72613 prime?
True
Is 191 composite?
False
Is 60881 a composite number?
True
Is 12235 prime?
False
Is 7039 composite?
False
Is 20201 a prime number?
True
Is 23007 a prime number?
False
Is 30377 a prime number?
False
Is 132827 prime?
False
Is 369481 prime?
False
Is 695581 prime?
True
Is 120899 a prime number?
True
Is 355703 composite?
True
Is 1213 a prime number?
True
Is 80915 a prime number?
False
Is 49431 prime?
False
Is 104927 prime?
False
Is 204227 a composite number?
True
Is 7799 a prime number?
False
Is 9091 a composite number?
False
Is 219017 prime?
True
Is 37495 composite?
True
Is 249313 a composite number?
True
Is 28693 a composite number?
True
Is 152121 composite?
True
Is 525499 composite?
True
Is 30757 composite?
False
Is 513881 prime?
True
Is 920357 prime?
True
Is 12171 prime?
False
Is 14029 a composite number?
False
Is 261133 a composite number?
True
Is 8857 prime?
False
Is 3007 a composite number?
True
Is 917 a composite number?
True
Is 146359 a prime number?
True
Is 792523 a composite number?
True
Is 110301 composite?
True
Is 8285831 composite?
False
Is 38435 prime?
False
Is 21278 a prime number?
False
Is 231503 a prime number?
True
Is 239777 prime?
False
Is 321299 a prime number?
False
Is 104387 prime?
False
Is 2995 a prime number?
False
Is 557 a composite number?
False
Is 28733 composite?
True
Is 3753179 composite?
False
Is 11794 prime?
False
Is 144931 prime?
True
Is 51977 a prime number?
True
Is 331091 prime?
False
Is 1613851 composite?
True
Is 41611 a prime number?
True
Is 923 a prime number?
False
Is 3639 a prime number?
False
Is 12071 a composite number?
False
Is 2447 prime?
True
Is 120385 prime?
False
Is 1168001 a prime number?
True
Is 2657 a composite number?
False
Is 138273 a prime number?
False
Is 237467 prime?
True
Is 549849 a prime number?
False
Is 225178 composite?
True
Is 12323 prime?
True
Is 133051 prime?
True
Is 10357 a composite number?
False
Is 36997 a prime number?
True
Is 7897 a composite number?
True
Is 85411 prime?
True
Is 16411 a composite number?
False
Is 24599 composite?
True
Is 65761 composite?
False
Is 556021 a prime number?
True
Is 294443 composite?
True
Is 33889 a prime number?
True
Is 5099 composite?
False
Is 22817 a composite number?
False
Is 1451 a composite number?
False
Is 2628697 prime?
True
Is 4043747 a prime number?
True
Is 12497 composite?
False
Is 18059 a composite number?
False
Is 1347587 a prime number?
True
Is 5969 a composite number?
True
Is 13087 a composite number?
True
Is 2174 a prime number?
False
Is 80857 a composite number?
True
Is 107741 a composite number?
False
Is 21551 a composite number?
True
Is 107507 composite?
False
Is 223811 composite?
True
Is 24659 composite?
False
Is 287633 a composite number?
True
Is 450046 a composite number?
True
Is 895399 composite?
True
Is 56103 a composite number?
True
Is 4028311 a prime number?
False
Is 1961 a prime number?
False
Is 164155 prime?
False
Is 285959 prime?
False
Is 439 composite?
False
Is 227405 prime?
False
Is 2581 a prime number?
False
Is 506029 composite?
True
Is 4511 a prime number?
False
Is 373337 a composite number?
True
Is 310582 prime?
False
Is 283331 composite?
True
Is 56983 a prime number?
True
Is 15395 prime?
False
Is 6677 composite?
True
Is 5331 a composite number?
True
Is 753113 prime?
False
Is 14395 composite?
True
Is 198899 a prime number?
True
Is 3449 composite?
False
Is 60361 prime?
False
Is 512959 a composite number?
False
Is 5686 a prime number?
False
Is 2166193 a prime number?
False
Is 6121 a prime number?
True
Is 215051 a prime number?
True
Is 1210123 a prime number?
True
Is 83807 a composite number?
True
Is 1822229 a composite number?
False
Is 11081 a composite number?
True
Is 26627 composite?
False
Is 6326 composite?
True
Is 2348387 a composite number?
True
Is 11359 a prime number?
False
Is 9517 composite?
True
Is 8467 a composite number?
False
Is 13087 a prime number?
False
Is 503 a prime number?
True
Is 1151 a composite number?
False
Is 874301 a prime number?
True
Is 230509 composite?
True
Is 297457 a prime number?
True
Is 10033 a composite number?
True
Is 100043 a composite number?
False
Is 7501 a composite number?
True
Is 329711 composite?
False
Is 3821 a prime number?
True
Is 877 a composite number?
False
Is 59795 a composite number?
True
Is 19263 a prime number?
False
Is 1834783 prime?
True
Is 92611 composite?
True
Is 1699121 a composite number?
True
Is 2099 prime?
True
Is 55267 a composite number?
True
Is 3859813 prime?
False
Is 8501 a prime 